umber?
False
Is 32173 a composite number?
False
Is 18101 prime?
False
Is 44179 a composite number?
False
Is 16679 composite?
True
Is 6619 a composite number?
False
Is 748347 composite?
True
Is 147587 a prime number?
False
Is 1034051 a prime number?
False
Is 19901 composite?
True
Is 25378 a prime number?
False
Is 781721 a prime number?
True
Is 1437 a composite number?
True
Is 1174 a prime number?
False
Is 79073 prime?
False
Is 1553855 a prime number?
False
Is 4303 prime?
False
Is 54797 a prime number?
False
Is 68813 composite?
False
Is 256673 a composite number?
True
Is 7369 prime?
True
Is 20323 a prime number?
True
Is 22433 prime?
True
Is 26083 a prime number?
True
Is 1306997 a prime number?
True
Is 10471 a composite number?
True
Is 851 a prime number?
False
Is 1943 a composite number?
True
Is 13811 composite?
True
Is 66767 a prime number?
False
Is 626033 prime?
True
Is 10033 a prime number?
False
Is 2517937 prime?
False
Is 66809 composite?
False
Is 934 prime?
False
Is 2861713 a composite number?
True
Is 334603 a prime number?
True
Is 359305 a prime number?
False
Is 31531 a composite number?
False
Is 74521 composite?
False
Is 97231 a composite number?
False
Is 88273 a prime number?
False
Is 6589 composite?
True
Is 211363 a composite number?
True
Is 18569 prime?
False
Is 136243 a prime number?
False
Is 181711 a composite number?
False
Is 1481657 composite?
True
Is 116345 prime?
False
Is 15817 composite?
False
Is 7061 prime?
False
Is 13306 a composite number?
True
Is 1513 composite?
True
Is 871 prime?
False
Is 130379 composite?
False
Is 48161 composite?
True
Is 143611 composite?
True
Is 76231 a composite number?
False
Is 34807 prime?
True
Is 21118 a composite number?
True
Is 84815 a composite number?
True
Is 55661 a composite number?
False
Is 395155 prime?
False
Is 50703 a composite number?
True
Is 54523 a composite number?
True
Is 111143 a prime number?
True
Is 8147 a composite number?
False
Is 426497 a prime number?
False
Is 48299 prime?
True
Is 381611 a prime number?
False
Is 9979 prime?
False
Is 4667 a prime number?
False
Is 876431 composite?
False
Is 5017 composite?
True
Is 9091 a prime number?
True
Is 3551549 composite?
False
Is 35537 a prime number?
True
Is 230597 composite?
False
Is 511891 prime?
True
Is 6469 composite?
False
Is 81401 a prime number?
True
Is 18169 a composite number?
False
Is 10049 a composite number?
True
Is 1250833 a composite number?
True
Is 10133 composite?
False
Is 3979 composite?
True
Is 1003 a prime number?
False
Is 44401 composite?
True
Is 9767 composite?
False
Is 12731 composite?
True
Is 113749 prime?
True
Is 77761 composite?
False
Is 54409 composite?
False
Is 4507 prime?
True
Is 157627 prime?
True
Is 19847 a composite number?
True
Is 2417 a prime number?
True
Is 329489 a prime number?
True
Is 58937 a prime number?
True
Is 309607 a composite number?
True
Is 41867 a composite number?
True
Is 96041 a composite number?
True
Is 105139 composite?
True
Is 251882 composite?
True
Is 21377 a composite number?
False
Is 354953 prime?
True
Is 572279 composite?
True
Is 212777 prime?
True
Is 155951 prime?
False
Is 299 a composite number?
True
Is 562201 composite?
False
Is 1657 a prime number?
True
Is 42661 a composite number?
True
Is 295541 a prime number?
True
Is 616933 prime?
True
Is 64483 prime?
True
Is 19739 prime?
True
Is 1443899 a composite number?
False
Is 41165 prime?
False
Is 1363987 prime?
False
Is 1036213 a composite number?
False
Is 1641 a composite number?
True
Is 98491 prime?
True
Is 16738 composite?
True
Is 1814 a composite number?
True
Is 29629 a prime number?
True
Is 191633 a composite number?
True
Is 76339 composite?
True
Is 8501 prime?
True
Is 2109941 composite?
False
Is 211937 a composite number?
True
Is 24286 prime?
False
Is 1876157 a prime number?
True
Is 1486 a prime number?
False
Is 60161 a prime number?
True
Is 2253887 composite?
False
Is 245171 prime?
True
Is 396619 a composite number?
False
Is 2783677 composite?
True
Is 99194 composite?
True
Is 1553819 composite?
True
Is 7151 a composite number?
False
Is 3203 prime?
True
Is 30373 composite?
True
Is 153929 composite?
False
Is 372355 a prime number?
False
Is 938443 prime?
False
Is 4771 composite?
True
Is 485263 composite?
False
Is 523093 a prime number?
True
Is 12193 composite?
True
Is 24929 a prime number?
False
Is 6801 prime?
False
Is 2979103 a composite number?
True
Is 34841 a prime number?
True
Is 46823 a prime number?
False
Is 10393 prime?
False
Is 294821 composite?
False
Is 1481 a prime number?
True
Is 59578 composite?
True
Is 933587 a composite number?
True
Is 946549 a prime number?
True
Is 695737 a composite number?
True
Is 121591 a composite number?
False
Is 3691 composite?
False
Is 573502 a prime number?
False
Is 4547 a composite number?
False
Is 5147 composite?
False
Is 125254 a composite number?
True
Is 14971 a composite number?
True
Is 2039933 a composite number?
True
Is 18751 composite?
True
Is 10559 a prime number?
True
Is 1937 composite?
True
Is 130579 a prime number?
True
Is 974 a prime number?
False
Is 10289 prime?
True
Is 2503 prime?
True
Is 110119 prime?
True
Is 137633 composite?
False
Is 9935 a prime number?
False
Is 143093 prime?
True
Is 1369 a prime number?
False
Is 27053 a composite number?
True
Is 85597 a composite number?
False
Is 43063 composite?
False
Is 28349 a prime number?
True
Is 480761 composite?
False
Is 698883 a composite number?
True
Is 775771 a prime number?
False
Is 2726539 a prime number?
False
Is 15586 a composite number?
True
Is 5939 prime?
True
Is 241093 a prime number?
True
Is 71727 composite?
True
Is 52135 prime?
False
Is 75209 composite?
False
Is 54647 composite?
False
Is 7061 composite?
True
Is 129515 a composite number?
True
Is 350087 prime?
True
Is 51919 composite?
True
Is 1361 prime?
True
Is 1413001 a composite number?
False
Is 118117 prime?
False
Is 332359 prime?
False
Is 60247 a prime number?
False
Is 58477 a composite number?
False
Is 2077 a composite number?
True
Is 256019 prime?
True
Is 84047 a prime number?
True
Is 42131 composite?
False
Is 4109 prime?
False
Is 126421 a composite number?
False
Is 92233 a prime number?
True
Is 11953 prime?
True
Is 10511 a prime number?
False
Is 12197 composite?
False
Is 91453 composite?
False
Is 93479 composite?
False
Is 44947 a prime number?
False
Is 953 prime?
True
Is 25562 a composite number?
True
Is 52859 a composite number?
False
Is 739693 a prime number?
True
Is 18041 a prime number?
True
Is 52795 composite?
True
Is 45829 prime?
False
Is 342403 a composite number?
True
Is 9091 composite?
False
Is 428503 a prime number?
True
Is 487 a composite number?
False
Is 712219 a prime number?
True
Is 4511 a composite number?
True
Is 154667 a prime number?
True
Is 5158 composite?
True
Is 280751 a composite number?
False
Is 55963 prime?
False
Is 97235 a prime number?
False
Is 77329 a composite number?
True
Is 18229 a prime number?
True
Is 765523 prime?
False
Is 6629 prime?
False
Is 1061 composite?
False
Is 160499 a prime number?
True
Is 42377 a composite number?
True
Is 1366 a composite number?
True
Is 701117 a composite number?
False
Is 6999 a prime number?
False
Is 5245 a composite number?
True
Is 18429 a composite number?
True
Is 8887 composite?
False
Is 195443 composite?
False
Is 2127179 composite?
True
Is 81157 a prime number?
True
Is 47189 a composite number?
False
Is 37034 a composite number?
True
Is 148147 prime?
True
Is 272533 a composite number?
False
Is 14969 a composite number?
False
Is 19777 prime?
True
Is 687949 composite?
False
Is 12962 a composite number?
True
Is 7279 a prime number?
False
Is 1651 a composite number?
True
Is 37013 a composite number?
False
Is 49309 composite?
True
Is 4036063 a composite number?
True
Is 36149 composite?
True
Is 23259 a prime number?
False
Is 21179 prime?
True
Is 2045 a prime number?
False
Is 252383 a composite number?
False
Is 22327 composite?
True
Is 6329 a composite number?
False
Is 1766811 a prime number?
False
Is 403 a prime number?
False
Is 5779 a composite number?
False
Is 1361 prime?
True
Is 479 a composite number?
False
Is 397893 composite?
True
Is 371027 a composite number?
False
Is 3979 a composite number?
True
Is 4853 a composite number?
True
Is 7069 a prime number?
True
Is 785527 a composite number?
False
I